= -6. Let q(s) = s**3 - 3*s**2 - 10*s - 2. What are the prime factors of q(l)?
2, 23
Suppose -y = 3*x - 6, -x = 2*y - 2*x - 5. Suppose -y*b = 5*i - 35, 2*b - 18 = -0*i - 2*i. What are the prime factors of i?
2
Suppose 4 = d + d. Suppose -1 = d*i - 9. List the prime factors of i.
2
Suppose -a + 19 = 5*q, -4*a + 2*q = 5*q - 8. Let b(v) = -9*v**2 - v - 1. Let f be b(a). Let n = f - -15. List the prime factors of n.
2, 3
Let t = 39 + -82. Let n = t - -96. List the prime factors of n.
53
Let h(q) = 5*q**3 + 1 + q - 2*q + q**2 - 6*q**3 + 4*q. Let v be h(3). Let g(w) = -2*w - 1. What are the prime factors of g(v)?
3, 5
Let s(b) = 13*b**2 + b - 2. Let q be s(3). Let r = q + -80. Let z = r + -24. What are the prime factors of z?
2, 7
Let i(u) = -10*u**2 + 2*u + 2. Let d be i(-2). Let h = d + 60. List the prime factors of h.
2, 3
Let g = -20 - -28. What are the prime factors of g?
2
Suppose -4*r = r - 95. Let g be (0 - -1)*(r + 2). What are the prime factors of (-186)/(-14) - 6/g?
13
Let z(u) = 9*u - 44. List the prime factors of z(22).
2, 7, 11
Suppose h = -0*x - 2*x - 7, -2*x = -4*h - 8. What are the prime factors of ((-169)/52)/(x/16)?
2, 13
Let o be 6/(-33) - (-108)/(-11). Let m = -3 - o. List the prime factors of m.
7
Let u be 36/3*(-17)/(-3). What are the prime factors of (2/(-4))/((-2)/u)?
17
Let h(y) = -194*y + 4. What are the prime factors of h(-1)?
2, 3, 11
Suppose 0 = 6*f - 3*f - 2*w - 9, f = -3*w - 8. Let s = f + -5. Let x = s - -6. List the prime factors of x.
2
Suppose 3*m - 2*m = 0. Suppose a - 4*y = 6*a - 10, m = -5*a + y + 10. What are the prime factors of ((-9)/(-5))/(a/10)?
3
Suppose -5*q - 39 = -2*q. List the prime factors of 2*1/(-2)*q.
13
Let k(d) = -d**3 + 5*d**2 + 2*d - 4. Let f be k(5). Let w = f + 16. List the prime factors of w.
2, 11
Let y be 79 - -1 - (-2)/2. Suppose -5*i + 14 = -y. List the prime factors of i.
19
Suppose l + 4*l - 27 = -3*h, 0 = -5*h + l + 17. Suppose 10 = h*r + r. What are the prime factors of r?
2
Suppose -4*t + 26 = 2. Let x(l) be the third derivative of l**4/8 - l**3/3 - l**2. List the prime factors of x(t).
2
Let p(b) = -2*b - 7. Let j be p(-5). Suppose j*y - 11 - 4 = 0. Suppose -45 = -y*s - 2*z, 0 = -2*z - z - 15. What are the prime factors of s?
11
Suppose -4*r - 180 = -2*k, 0*k + 5*r = k - 102. List the prime factors of k.
2, 41
Let j(f) = f**2 - 3. Let a be j(6). Let g = -20 + a. List the prime factors of g.
13
Suppose -4*i = 4*m - 39 - 97, 0 = m - 3*i - 50. List the prime factors of m.
2, 19
Suppose -5*i = -2*j + 91, -j + 168 = 2*j + 3*i. List the prime factors of j.
53
Let g = -8 + 29. What are the prime factors of g/12 - (-2)/8?
2
Let m(t) = 2*t + 4*t + 6*t - 3*t - 13. What are the prime factors of m(4)?
23
Let g(f) = -f**2 - 12*f + 20. Let d be g(-14). What are the prime factors of (d/10)/(22/(-825))?
2, 3, 5
Let m = -216 - -316. What are the prime factors of m?
2, 5
List the prime factors of (-14 - -1)*(2 - 5).
3, 13
Let n be (-1 - 1)/((-2)/5). Suppose -n*o + 179 = 34. List the prime factors of o.
29
Let h(b) = 24*b + 4. What are the prime factors of h(3)?
2, 19
Let o(d) = -2*d - 2. Suppose 3*g - 12 = -3*i, 0 = i + 2*g - 4*g + 11. Let z be (4 - i)*(-8)/10. What are the prime factors of o(z)?
2, 3
Suppose 0*n = -3*a - 2*n - 26, 3*a = -n - 31. Let u = a + 7. What are the prime factors of (-30)/2*4/u?
2, 3
Suppose -t = -2*t + 5*a + 17, -37 = -3*t + a. List the prime factors of t.
2, 3
List the prime factors of (-8)/(-30)*3*115.
2, 23
Suppose 4*p = -3*f + 80, -28 = -2*f - 2*p + 22. What are the prime factors of f?
2, 5
Let v(h) = -10*h**2 + h - 1. Let b be v(1). Let t(y) = -2*y - 7. What are the prime factors of t(b)?
13
Let y be 5 + -3 + 1 - 14. Let h = 1 - y. Suppose -l = l - h. List the prime factors of l.
2, 3
Let n(b) = -b**2 + 14*b - 22. List the prime factors of n(12).
2
Suppose -4*h - 5 + 1 = 0. Let t be (2*h - 1)*-1. Suppose v - 2*b = 12, -b - 12 = -v + t*b. What are the prime factors of v?
2, 3
Let i be (2 - (0 - -2))/2. Suppose 3*f + 0*f - 30 = i. List the prime factors of f.
2, 5
Suppose -b - 3*b - a + 102 = 0, 4*a - 33 = -b. List the prime factors of b.
5
Let s = 8 - -1. Let y = 19 - s. What are the prime factors of y?
2, 5
Let i = -5 + 45. List the prime factors of i.
2, 5
What are the prime factors of 2 - 4 - (-28)/2?
2, 3
Let q(i) = -i**3 + i**2 + 2*i + 1. Let a be q(-1). Suppose -3*r + 2*n - 76 = 0, 5*r + 73 = -5*n - 12. List the prime factors of (0 + a)*(-5 - r).
17
Suppose -143 = 4*z - 2*o - 363, 275 = 5*z - 5*o. What are the prime factors of z?
5, 11
Let o be 13 - (1 + 1 + 1). Suppose -3*z + o = 1. List the prime factors of z.
3
Suppose 2*p = -k - 3, 18 = 2*k - p - p. Suppose r + k = 2*r, 0 = 3*h - 5*r - 35. What are the prime factors of h?
2, 5
Let z = 7 - 3. Suppose -3*c - z*q + 13 = -2*c, 0 = -3*c + 4*q + 23. What are the prime factors of c?
3
Let l(m) be the third derivative of m**5/120 + m**4/12 + m**3/6 - 2*m**2. Let k(y) be the first derivative of l(y). What are the prime factors of k(4)?
2, 3
Let s = -2 + -2. Let y(m) = m**2 + 2*m - 5. What are the prime factors of y(s)?
3
Let l(m) = m**2 + m - 2. Let v be 3/6 + (-5)/(-2). What are the prime factors of l(v)?
2, 5
Let w(p) = p - 6. Let d be w(3). What are the prime factors of (-12)/10*20/d?
2
Let h(p) = -p**2 - 2*p + 5. Let l be h(-4). Suppose 2*z + 16 = -2. Let g = l - z. What are the prime factors of g?
2, 3
Suppose 0 = -2*l - 2*l + 8. What are the prime factors of -24*-1*l/4?
2, 3
Let t be (-2)/((-15)/21 + 1). Let v(b) be the second derivative of -b**4/12 - 7*b**3/6 + 4*b**2 + 6*b. List the prime factors of v(t).
2
Let f be 0 + (-5)/((-5)/(-2)). Let s(n) be the second derivative of n**5/20 + n**4/4 - n**3/3 - 3*n**2/2 + 2*n. List the prime factors of s(f).
5
What are the prime factors of (-2)/((-856)/212 + 1 + 3)?
53
Let y be (-2)/(5/(-4) + 1). Suppose 0*x = x - y. List the prime factors of x.
2
Suppose 2*n - 22 = -2*t, 4*t - 17 = -2*n - 3. What are the prime factors of n?
3, 5
Let s = -13 - -21. Suppose 4*c - 19 = -3*r + s, -r - 5*c + 9 = 0. List the prime factors of r.
3
Suppose 2*s + 39 = g, g = -3*s + 2*s - 21. Let j = -11 - s. What are the prime factors of j?
3
Let n be ((-3 - -19)/2)/2. Suppose -5*y + d + 44 = n, 0 = -3*d. Suppose a - 21 = -y. List the prime factors of a.
13
Let n = -34 - -160. What are the prime factors of n?
2, 3, 7
Suppose 0 = 3*r - 4*y - 59, -5*r + 80 = -0*y - 3*y. What are the prime factors of r?
13
Let u(q) = -14*q + 4. List the prime factors of u(-11).
2, 79
Let z(y) = -y**3 - y**2 - y + 10. Let u be z(0). Let j be -1 + 5/(u/4). List the prime factors of 3/(-3) - j - -9.
7
Let w = -43 - -83. Let d be 1/7 + 135/35. Suppose -b = d*b - w. List the prime factors of b.
2
Let b(v) = -v**2 + 5*v + 1. Let o be b(4). Let m(d) = 3*d + 3. List the prime factors of m(o).
2, 3
Let g be 1*321/(-3)*-1. Let f = g - 76. What are the prime factors of f?
31
Suppose 0*k + 25 = 5*k. Let p(x) be the third derivative of x**4/24 + x**3/3 + 2*x**2. List the prime factors of p(k).
7
Let h(z) = 11*z + 25. Let u(s) = -3 + 2*s - 9 - 7*s. Let y(r) = -4*h(r) - 9*u(r). What are the prime factors of y(-6)?
2
Suppose -a - 3 = -6. Suppose a*u + 14 = 116. List the prime factors of u.
2, 17
Let d = 55 - 0. What are the prime factors of d?
5, 11
Suppose 10*w - 5*w - 10 = 0. Suppose 178 = 9*x - 56. Suppose w*z = -0*z + x. What are the prime factors of z?
13
Suppose -3*i = -i - 3*a - 31, -4*i + 51 = 5*a. Suppose m - 5*m - 136 = -4*v, 0 = -5*m. Suppose -i = -4*k + v. What are the prime factors of k?
2, 3
Let a = -42 + 103. What are the prime factors of a?
61
Suppose 3*k = 2*h + 12, 0*k + h - 8 = -2*k. Let b = 1 + -1. Suppose -k*f + b*f = -16. List the prime factors of f.
2
Suppose c = -3*c + 12. Suppose -c*p + 1 = -2. Let m = 11 + p. List the prime factors of m.
2, 3
Let b = -5 - -16. Suppose b = -q + 34. List the prime factors of q.
23
Suppose n + 0*n = 10. Suppose n = 3*a - 23. What are the prime factors of a?
11
Let j(m) = -m**2 + 9*m - 9. Let x be j(8). Let h(z) = 11*z**3 - z**2 - z - 1. Let y be h(x). List the prime factors of y/10*(-120)/9.
2
Suppose -5*s - 2*t = -115, -4*s + 4*t + 23 = -41. Suppose b = 76 - s. What are the prime factors of b?
5, 11
Let b(t) = -t - 4. Let l be b(-8). Suppose 0 = -l*w + 3 + 9. Suppose 